{"id":756,"date":"2026-01-31T10:37:19","date_gmt":"2026-01-31T10:37:19","guid":{"rendered":"https:\/\/produccions394.com\/?page_id=756"},"modified":"2026-02-25T19:20:53","modified_gmt":"2026-02-25T19:20:53","slug":"bertomeu","status":"publish","type":"page","link":"https:\/\/produccions394.com\/?page_id=756","title":{"rendered":"Bertomeu"},"content":{"rendered":"\n<figure class=\"wp-block-gallery has-nested-images columns-default is-cropped wp-block-gallery-1 is-layout-flex wp-block-gallery-is-layout-flex\">\n<figure class=\"wp-block-image size-large\"><img loading=\"lazy\" decoding=\"async\" width=\"1024\" height=\"683\" data-id=\"544\" src=\"https:\/\/produccions394.com\/wp-content\/uploads\/2023\/11\/Bertomeu-infantil-1-2-1024x683.png\" alt=\"\" class=\"wp-image-544\" srcset=\"https:\/\/produccions394.com\/wp-content\/uploads\/2023\/11\/Bertomeu-infantil-1-2-1024x683.png 1024w, https:\/\/produccions394.com\/wp-content\/uploads\/2023\/11\/Bertomeu-infantil-1-2-300x200.png 300w, https:\/\/produccions394.com\/wp-content\/uploads\/2023\/11\/Bertomeu-infantil-1-2-768x512.png 768w, https:\/\/produccions394.com\/wp-content\/uploads\/2023\/11\/Bertomeu-infantil-1-2.png 1536w\" sizes=\"auto, (max-width: 1024px) 100vw, 1024px\" \/><\/figure>\n<\/figure>\n\n\n\n<h3 class=\"wp-block-heading\"><strong>Els espectacles musicals de Bertomeu<\/strong><\/h3>\n\n\n\n<figure class=\"wp-block-video\"><video height=\"1080\" style=\"aspect-ratio: 1920 \/ 1080;\" width=\"1920\" controls src=\"https:\/\/produccions394.com\/wp-content\/uploads\/2026\/02\/Mi-pelicula-1080p30-1.mp4\"><\/video><\/figure>\n\n\n\n<p>El cantautor <strong>Bertomeu<\/strong> combina m\u00fasica, literatura i imaginaci\u00f3 en una col\u00b7lecci\u00f3 d\u2019espectacles infantils plens de sensibilitat i creativitat.<br>Inspirats en llibres editats per <strong>Edicions Bromera<\/strong>, com <em>El Pirata Pataxula<\/em> o <em>Sensacionari<\/em>, els seus concerts ofereixen una experi\u00e8ncia educativa i divertida per a xiquets i xiquetes de totes les edats.<br>Amb can\u00e7ons que desperten la curiositat i fomenten valors com la conviv\u00e8ncia, la fantasia i el gust per la lectura, <strong>Bertomeu<\/strong> transforma cada actuaci\u00f3 en una festa de m\u00fasica i emocions compartides. \ud83c\udfb5\ud83d\udcda\u2728<\/p>\n\n\n\n<figure class=\"wp-block-embed is-type-rich is-provider-spotify wp-block-embed-spotify wp-embed-aspect-21-9 wp-has-aspect-ratio\"><div class=\"wp-block-embed__wrapper\">\n<iframe title=\"Spotify Embed: Sensacionari\" style=\"border-radius: 12px\" width=\"100%\" height=\"352\" frameborder=\"0\" allowfullscreen allow=\"autoplay; clipboard-write; encrypted-media; fullscreen; picture-in-picture\" loading=\"lazy\" src=\"https:\/\/open.spotify.com\/embed\/album\/1fYdqhS4LF3FyPsBIox155?si=CkSg4LpeSweOEugkdUOzEA&amp;utm_source=oembed\"><\/iframe>\n<\/div><\/figure>\n\n\n\n<figure class=\"wp-block-embed is-type-rich is-provider-spotify wp-block-embed-spotify wp-embed-aspect-21-9 wp-has-aspect-ratio\"><div class=\"wp-block-embed__wrapper\">\n<iframe title=\"Spotify Embed: Pirata Pataxula El tresor del Monstre\" style=\"border-radius: 12px\" width=\"100%\" height=\"352\" frameborder=\"0\" allowfullscreen allow=\"autoplay; clipboard-write; encrypted-media; fullscreen; picture-in-picture\" loading=\"lazy\" src=\"https:\/\/open.spotify.com\/embed\/album\/6FOZOT12gSEqG5v9x7UyB8?si=lMSSEOhuQvGSPEQzN45mbA&amp;utm_source=oembed\"><\/iframe>\n<\/div><\/figure>\n\n\n\n<figure class=\"wp-block-embed is-type-rich is-provider-spotify wp-block-embed-spotify wp-embed-aspect-21-9 wp-has-aspect-ratio\"><div class=\"wp-block-embed__wrapper\">\n<iframe title=\"Spotify Embed: El Pirata Pataxula\" style=\"border-radius: 12px\" width=\"100%\" height=\"352\" frameborder=\"0\" allowfullscreen allow=\"autoplay; clipboard-write; encrypted-media; fullscreen; picture-in-picture\" loading=\"lazy\" src=\"https:\/\/open.spotify.com\/embed\/album\/3Us5EcCTg7kXi5LEYwiHbp?si=ueyHqQrST-aS1dTRwno_bg&amp;utm_source=oembed\"><\/iframe>\n<\/div><\/figure>\n\n\n\n<figure class=\"wp-block-embed is-type-rich is-provider-spotify wp-block-embed-spotify wp-embed-aspect-21-9 wp-has-aspect-ratio\"><div class=\"wp-block-embed__wrapper\">\n<iframe title=\"Spotify Embed: 7 D\u2019estell\u00e9s\" style=\"border-radius: 12px\" width=\"100%\" height=\"352\" frameborder=\"0\" allowfullscreen allow=\"autoplay; clipboard-write; encrypted-media; fullscreen; picture-in-picture\" loading=\"lazy\" src=\"https:\/\/open.spotify.com\/embed\/album\/7iauwkUGuSpvhHQsoBKXY6?si=T-JujqjfSe-PiNbR5ixNkg&amp;utm_source=oembed\"><\/iframe>\n<\/div><\/figure>\n\n\n\n<figure class=\"wp-block-embed is-type-rich is-provider-spotify wp-block-embed-spotify wp-embed-aspect-21-9 wp-has-aspect-ratio\"><div class=\"wp-block-embed__wrapper\">\n<iframe title=\"Spotify Embed: Bertomeu estell\u00e9s infinit\" style=\"border-radius: 12px\" width=\"100%\" height=\"352\" frameborder=\"0\" allowfullscreen allow=\"autoplay; clipboard-write; encrypted-media; fullscreen; picture-in-picture\" loading=\"lazy\" src=\"https:\/\/open.spotify.com\/embed\/album\/2D0M7VWkd26RfOVUMPEyCb?si=KHktA6BaRdqeL3zaF-lDsg&amp;utm_source=oembed\"><\/iframe>\n<\/div><\/figure>\n\n\n\n<figure class=\"wp-block-embed is-type-rich is-provider-spotify wp-block-embed-spotify wp-embed-aspect-21-9 wp-has-aspect-ratio\"><div class=\"wp-block-embed__wrapper\">\n<iframe title=\"Spotify Embed: Que tingues sort i bon cam\u00ed\" style=\"border-radius: 12px\" width=\"100%\" height=\"352\" frameborder=\"0\" allowfullscreen allow=\"autoplay; clipboard-write; encrypted-media; fullscreen; picture-in-picture\" loading=\"lazy\" src=\"https:\/\/open.spotify.com\/embed\/album\/0sWPLaRFGJu5iOZ6VETtqM?si=F7Z9_Zf0TiiT1v-a7c82fw&amp;utm_source=oembed\"><\/iframe>\n<\/div><\/figure>\n","protected":false},"excerpt":{"rendered":"<p>Els espectacles musicals de Bertomeu El cantautor Bertomeu combina m\u00fasica, literatura i imaginaci\u00f3 en una col\u00b7lecci\u00f3 d\u2019espectacles infantils plens de sensibilitat i creativitat.Inspirats en llibres editats per Edicions Bromera, com El Pirata Pataxula o Sensacionari, els seus concerts ofereixen una experi\u00e8ncia educativa i divertida per a xiquets i xiquetes de totes les edats.Amb can\u00e7ons que [&hellip;]<\/p>\n","protected":false},"author":1,"featured_media":0,"parent":0,"menu_order":0,"comment_status":"closed","ping_status":"closed","template":"","meta":{"footnotes":""},"class_list":["post-756","page","type-page","status-publish","hentry"],"_links":{"self":[{"href":"https:\/\/produccions394.com\/index.php?rest_route=\/wp\/v2\/pages\/756","targetHints":{"allow":["GET"]}}],"collection":[{"href":"https:\/\/produccions394.com\/index.php?rest_route=\/wp\/v2\/pages"}],"about":[{"href":"https:\/\/produccions394.com\/index.php?rest_route=\/wp\/v2\/types\/page"}],"author":[{"embeddable":true,"href":"https:\/\/produccions394.com\/index.php?rest_route=\/wp\/v2\/users\/1"}],"replies":[{"embeddable":true,"href":"https:\/\/produccions394.com\/index.php?rest_route=%2Fwp%2Fv2%2Fcomments&post=756"}],"version-history":[{"count":3,"href":"https:\/\/produccions394.com\/index.php?rest_route=\/wp\/v2\/pages\/756\/revisions"}],"predecessor-version":[{"id":764,"href":"https:\/\/produccions394.com\/index.php?rest_route=\/wp\/v2\/pages\/756\/revisions\/764"}],"wp:attachment":[{"href":"https:\/\/produccions394.com\/index.php?rest_route=%2Fwp%2Fv2%2Fmedia&parent=756"}],"curies":[{"name":"wp","href":"https:\/\/api.w.org\/{rel}","templated":true}]}}